9.
3
Calculate the greatest common divisor of 16 and 724.
4
What is the highest common factor of 376 and 141?
47
What is the greatest common divisor of 115 and 437?
23
Calculate the greatest common factor of 90 and 106.
2
What is the highest common factor of 126 and 2250?
18
What is the greatest common divisor of 114 and 23883?
57
Calculate the highest common factor of 138 and 30.
6
Calculate the highest common divisor of 256 and 112.
16
What is the greatest common divisor of 126 and 49?
7
Calculate the highest common divisor of 3322 and 22.
22
Calculate the highest common divisor of 220 and 176.
44
What is the highest common divisor of 266 and 126?
14
Calculate the greatest common divisor of 12 and 3480.
12
What is the greatest common factor of 6550 and 50?
50
Calculate the greatest common divisor of 1568 and 28.
28
Calculate the greatest common divisor of 154 and 1606.
22
Calculate the greatest common factor of 4738 and 824.
206
What is the greatest common factor of 9 and 117?
9
Calculate the greatest common divisor of 115 and 40.
5
Calculate the greatest common divisor of 13 and 273.
13
Calculate the highest common factor of 344 and 6364.
172
What is the greatest common factor of 1326 and 1092?
78
Calculate the greatest common factor of 626 and 2.
2
What is the greatest common factor of 1 and 1?
1
What is the highest common factor of 10 and 800?
10
Calculate the highest common factor of 6589 and 22.
11
What is the highest common divisor of 16 and 3376?
16
What is the highest common factor of 39 and 3?
3
Calculate the highest common divisor of 31 and 248.
31
What is the greatest common factor of 2765 and 7?
7
What is the greatest common factor of 12 and 1626?
6
Calculate the highest common divisor of 655 and 524.
131
Calculate the highest common factor of 66 and 33.
33
What is the greatest common factor of 612 and 234?
18
What is the greatest common divisor of 12988 and 680?
68
What is the highest common divisor of 6896 and 16?
16
Calculate the highest common factor of 108 and 12.
12
What is the greatest common divisor of 8717 and 23?
23
Calculate the greatest common factor of 3827 and 43.
43
Calculate the greatest common divisor of 195 and 156.
39
What is the highest common divisor of 2 and 128?
2
What is the greatest common factor of 95 and 532?
19
What is the highest common divisor of 518 and 370?
74
What is the greatest common divisor of 30 and 250?
10
Calculate the greatest common factor of 6398 and 28.
14
Calculate the highest common factor of 115379 and 187.
187
Calculate the greatest common factor of 8 and 528.
8
Calculate the greatest common factor of 62265 and 105.
105
What is the highest common divisor of 5 and 355?
5
What is the greatest common divisor of 162 and 174?
6
What is the highest common factor of 19941 and 153?
51
What is the highest common factor of 3621 and 497?
71
Calculate the greatest common divisor of 6272 and 196.
196
Calculate the highest common divisor of 2114 and 4530.
302
What is the highest common divisor of 1375 and 605?
55
What is the highest common factor of 374 and 11?
11
Calculate the highest common divisor of 59 and 1357.
59
What is the greatest common divisor of 1595 and 55?
55
What is the highest common factor of 26 and 117?
13
Calculate the greatest common divisor of 68 and 20.
4
Calculate the greatest common divisor of 3772 and 92.
92
Calculate the highest common factor of 63 and 91.
7
Calculate the highest common factor of 456 and 57.
57
Calculate the highest common divisor of 12 and 1560.
12
Calculate the highest common divisor of 645 and 15.
15
What is the highest common divisor of 112 and 700?
28
What is the highest common divisor of 702 and 130?
26
Calculate the highest common divisor of 324 and 4.
4
What is the highest common divisor of 36 and 558?
18
Calculate the greatest common divisor of 247 and 377.
13
Calculate the greatest common factor of 836 and 1368.
76
What is the greatest common divisor of 665 and 280?
35
Calculate the greatest common factor of 63 and 7.
7
Calculate the greatest common divisor of 370 and 120.
10
Calculate the highest common factor of 36 and 2151.
9
What is the greatest common divisor of 2 and 158?
2
What is the greatest common factor of 1444 and 152?
76
What is the highest common divisor of 18 and 114?
6
Calculate the highest common factor of 2620 and 4.
4
What is the highest common factor of 136 and 26248?
136
Calculate the greatest common factor of 57 and 1121.
19
Calculate the greatest common divisor of 976 and 72.
8
What is the greatest common factor of 1809 and 54?
27
What is the greatest common divisor of 590 and 944?
118
Calculate the greatest common factor of 259 and 111.
37
Calculate the highest common divisor of 91 and 1729.
91
Calculate the greatest common divisor of 108 and 90.
18
Calculate the greatest common factor of 195 and 11765.
65
What is the greatest common factor of 286 and 638?
22
Calculate the highest common factor of 10665 and 135.
135
Calculate the highest common divisor of 256 and 32.
32
Calculate the greatest common factor of 56 and 16.
8
What is the highest common divisor of 12 and 15?
3
What is the highest common factor of 13855 and 765?
85
What is the highest common divisor of 589 and 310?
31
What is the greatest common factor of 124 and 217?
31
Calculate the greatest common factor of 481 and 74.
37
What is the greatest common factor of 38 and 2?
2
What is the highest common divisor of 16 and 9592?
8
What is the greatest common divisor of 36 and 294?
6
What is the greatest common divisor of 310 and 80?
10
What is the highest common factor of 50 and 20?
10
What is the highest common factor of 20 and 2390?
10
What is the highest common divisor of 16 and 656?
16
Calculate the highest common factor of 80 and 180.
20
What is the highest common factor of 67 and 27403?
67
Calculate the highest common factor of 6 and 174.
6
What is the greatest common factor of 9152 and 429?
143
What is the highest common divisor of 1456 and 260?
52
Calculate the greatest common divisor of 331 and 45347.
331
What is the highest common factor of 28 and 4802?
14
What is the greatest common divisor of 232 and 44776?
232
Calculate the highest common factor of 960 and 30.
30
Calculate the greatest common factor of 2547 and 9.
9
What is the greatest common factor of 8 and 74776?
8
Calculate the highest common divisor of 224 and 8568.
56
What is the highest common factor of 144 and 126?
18
Calculate the highest common divisor of 9 and 291.
3
What is the greatest common factor of 10575 and 235?
235
What is the greatest common factor of 882 and 196?
98
Calculate the highest common factor of 20 and 46300.
20
Calculate the highest common factor of 1691 and 267.
89
What is the highest common divisor of 1763 and 779?
41
Calculate the greatest common divisor of 50 and 530.
10
What is the greatest common factor of 9 and 864?
9
Calculate the greatest common factor of 29208 and 48.
24
What is the greatest common divisor of 7088 and 288?
16
Calculate the greatest common factor of 132 and 37158.
66
What is the greatest common factor of 25 and 95?
5
What is the highest common factor of 3 and 758?
1
Calculate the greatest common factor of 64 and 28.
4
What is the greatest common divisor of 62 and 9145?
31
Calculate the greatest common factor of 72 and 207.
9
What is the highest common divisor of 16 and 22480?
16
What is the greatest common factor of 80 and 2672?
16
What is the greatest common factor of 15 and 10245?
15
Calculate the highest common divisor of 36 and 45.
9
Calculate the highest common divisor of 126 and 450.
18
What is the greatest common divisor of 90 and 63?
9
What is the highest common divisor of 11167 and 13?
13
What is the highest common divisor of 7 and 9079?
7
What is the highest common divisor of 204 and 969?
51
What is the highest common divisor of 423 and 188?
47
Calculate the highest common divisor of 1518 and 154.
22
What is the highest common divisor of 1443 and 156?
39
What is the greatest common factor of 8 and 4124?
4
Calculate the greatest common divisor of 256 and 96.
32
What is the greatest common divisor of 218 and 1199?
109
What is the greatest common divisor of 3155 and 15?
5
What is the highest common divisor of 2235 and 3576?
447
What i